?
1
Let h(y) = -y**3 + 7*y**2 - 5*y - 1. Let x be h(6). Suppose -4*g + x*o = 78, 3*g = 2*o - 0*o - 62. What is the units digit of g/(-8) - (-3)/(-4)?
2
Suppose -n + 2*s = -s - 133, 5*n + 5*s - 685 = 0. What is the hundreds digit of n?
1
Let k(v) = -v**3 + 9*v**2 - 8*v + 11. Let n be k(8). Suppose 4*t + n = 3*y, 2 = -4*y - 3*t - 0. Suppose 3*s = 25 - y. What is the units digit of s?
8
Let n(a) = 2*a**3 + 4*a**2 - 8*a + 2. What is the hundreds digit of n(4)?
1
Let u be 8/(-10)*25/(-10). What is the units digit of 2 - (-38)/(4 - u)?
1
Suppose 4*z - 84 = z. Let h = -12 + z. Suppose -2*k = -0*k - h. What is the units digit of k?
8
Let d(f) = -f**2 - 14*f + 2. What is the tens digit of d(-8)?
5
Let g be (-13)/(-2)*(-2 + 6). Let j = g - 7. What is the units digit of j?
9
Let v(g) = -4*g + 4*g + g + 8. Let q be v(-13). Let o = q + 8. What is the units digit of o?
3
Let b be (6 + 0)*(-4 + 3). Let s = -4 - b. Suppose -s*y = 5*a - 29, -3*y + 4*y + 8 = 5*a. What is the units digit of y?
7
Suppose -279 = 9*i - 12*i. What is the tens digit of i?
9
Let h(a) = 0 + 4*a - 2*a**2 + 3*a**2 - 2*a + 2. Let c be h(-3). What is the tens digit of 14 + c + (-4 - -2)?
1
Suppose -b - 2*v = -199, -3*b = 10*v - 13*v - 597. What is the tens digit of b?
9
Suppose -130 = -5*o - 5*w, 5*o - 4*w - 78 = 2*o. What is the tens digit of o?
2
Suppose 2*h = 4*a - 7 - 5, -2*a + 12 = 2*h. What is the units digit of ((-1)/(-2))/(a/232)?
9
Suppose 2*w + 3 = 3*w. Suppose 0*f - w*l - 86 = -5*f, -4*f + 2*l = -70. What is the units digit of f?
9
Let v(g) = -g + 6. Let c be v(5). Let i be (-4 + 4)/(3 - c). Let t = 1 + i. What is the units digit of t?
1
Let v(s) be the third derivative of s**6/120 + s**5/60 + s**3 + 2*s**2. Let w be v(0). Suppose w*r = 2*r + 52. What is the units digit of r?
3
Let p = -8 + 2. What is the units digit of p*((-42)/(-4))/(-3)?
1
Let m = 137 + -18. What is the hundreds digit of m?
1
Let a(q) = -q**3 - 4*q**2 + 7*q + 7. Let d be a(-5). Let r = -6 - d. Let f = r - -10. What is the units digit of f?
7
Let i(k) = k**2 + 3*k - 17. What is the units digit of i(10)?
3
Let u(m) = -m**3 + 10*m**2 - 9*m + 2. Let j be u(6). Suppose -28 = -5*p + j. Suppose o + 3*o = p. What is the units digit of o?
6
Suppose -3*l = -2*v + 2*l + 27, 4*v - 3*l = 33. Let b(p) = -p**3 + 7*p**2 - 4*p + 2. What is the units digit of b(v)?
4
Suppose -13*i + 186 = -11*i. What is the units digit of i?
3
Suppose 10 = 6*o - o. Suppose 2*s + 2*u = 9 + 3, -o*u + 8 = 0. What is the units digit of 4/s + 6 + -1?
7
Let w be (-54)/12*4/(-6). Suppose -5*c - w*t - t + 210 = 0, t - 225 = -5*c. What is the units digit of c?
6
Suppose 4*q - 216 - 260 = 0. What is the hundreds digit of q?
1
Let y = -3 + 2. Let m(r) = 5*r**2 - 1. What is the units digit of m(y)?
4
Suppose -13*k = -8*k - 710. What is the tens digit of k?
4
Suppose -c + 26 = c. Suppose u + 4 = c. What is the tens digit of u - (0 - 0 - 2)?
1
Suppose 3*g + 4*b - 268 = 0, 0 = -g - 4*g + 4*b + 500. Suppose -3*j + g = j. What is the tens digit of j?
2
Let u(b) = 15*b**2. Suppose 4*y - 13 = 5*q, -3*y - 5 = 2*y - 2*q. Let w be (y - 0)/(0 + -3). What is the units digit of u(w)?
5
Let m be (-10)/(2 + 26/(-12)). Suppose 0 = b - 6*b + m. What is the tens digit of b?
1
Suppose -2*h + 24 = -2*q, 5*h = -0*h - 3*q + 36. Let m = h + -3. What is the units digit of m?
6
Suppose -d + 9 = 2*d - b, -5*d = 2*b - 4. Suppose -6*m = -d*m. Suppose m = -h - 2 + 3. What is the units digit of h?
1
Suppose -5*j + 140 = -4*a, 4*a = -a + 4*j - 166. Suppose 46 = -3*h - 4*z, -3*h = -z + 32 + 24. Let i = h - a. What is the units digit of i?
2
Suppose 0 = 5*k - 59 + 19. What is the units digit of k?
8
Suppose 5*t + 2*s = -0*t + 116, 0 = 2*s + 4. What is the units digit of t?
4
Let n = -3 - -8. Let g = 2 - n. Let j(m) = -2*m - 4. What is the units digit of j(g)?
2
Let c = 44 - 18. What is the units digit of c?
6
Let w = 20 + -10. Suppose 15*y - 20*y = -w. What is the units digit of y?
2
Let o(j) = j**2 - j - 1. What is the tens digit of o(-6)?
4
Let v(a) = 30*a**2 + 2*a - 2. What is the units digit of v(1)?
0
Let g = 11 + -13. Let z be 74/(-9) - 4/(-18). What is the units digit of (z/6)/(g/3)?
2
Suppose 16*l = 20*l - 56. What is the units digit of l?
4
Let q = 151 - 71. What is the units digit of q?
0
Let m(z) be the second derivative of -z**3/6 - z**2/2 - z. Let n(v) = 2*v**3 - 2*v**2 - 3. Let g(l) = -2*m(l) + n(l). What is the units digit of g(2)?
1
Let m(k) = 12*k**2 - 13*k + 6. What is the hundreds digit of m(4)?
1
Suppose -2*j + 33 = j. What is the units digit of j?
1
Suppose -5*w - 15 = 35. Let d = 8 + w. What is the units digit of (d/5)/((-9)/405)?
8
Suppose 0 = 5*r - 10*r + 25. Let c = r + 30. What is the tens digit of c?
3
Suppose 1 = 4*l - 7. Suppose l*q = q + 7. What is the units digit of q?
7
Let n = 4 - -9. Let y(s) = s - 1. Let q be y(1). Suppose n - 3 = 2*w, -t + 4*w - 18 = q. What is the units digit of t?
2
What is the units digit of ((-10)/(-4) - 3)*-50?
5
Let b = -8 + 7. Let c(l) = -19*l + 1. What is the tens digit of c(b)?
2
Let o(x) = x - 6. Let z be o(4). Let c(f) be the first derivative of -f**4/4 + 2*f + 1. What is the units digit of c(z)?
0
What is the units digit of ((-276)/16 - -2)*-4?
1
Suppose -7 = -2*j + 87. What is the tens digit of j?
4
What is the tens digit of 13/1 + (0 - -1)?
1
Let u(q) = 15*q**2 - 1. Let o = -7 + 8. What is the units digit of u(o)?
4
Let q(a) = -a**3 + 6*a**2 + 9*a - 9. What is the units digit of q(7)?
5
Suppose 0 = 2*u - 3*h - 154, 0*u + 5*h = -u + 51. What is the units digit of u?
1
Let n(z) = 3*z**2 - 2*z + 2. Let l(w) = -w**3 + 4. Let j be l(0). Let t be n(j). Suppose -5*r - 2*k + t = 0, -28 = -5*r + r - 3*k. What is the tens digit of r?
1
Let k(b) = -5*b**3 - 2*b**2 - 3*b - 3. What is the tens digit of k(-2)?
3
Suppose -3*u - 481 = -4*j, -2*u + 0*u = -10. Suppose z - o - 9 = -32, -4*o - j = 5*z. What is the units digit of (z/28)/((-2)/14)?
6
Let i = 3 + 6. What is the units digit of 10 + i/(-6)*-2?
3
Let k be (-1 - -4 - -71)*2. Suppose 2*b = w + 104, 4*b + 4*w = 60 + k. What is the units digit of b?
2
What is the units digit of 2 + (15 + -3)/3?
6
Let k(y) = 15*y**2 - 2*y - 1. Let g be k(-1). Let c = -38 + 32. Let p = g + c. What is the tens digit of p?
1
Let y = 34 - 23. Let d(c) = -2*c - 1. Let t be d(-2). Suppose p - 19 = t*l, -5 - y = 4*l. What is the units digit of p?
7
Let y(l) = l**2 + l + 2. Let w be y(-2). Suppose i + 2*i = 9. Suppose -i*q = -w*q + 5. What is the units digit of q?
5
Let w be ((-36)/(-21))/((-8)/(-28)). Let o be ((-12)/(-15))/(w/(-15)). What is the units digit of (-16)/(-28)*(-7)/o?
2
What is the units digit of ((-2)/(-4))/((-1)/(-60))?
0
Let x = -26 - -39. Suppose x = -5*k + 83. What is the units digit of k + (1 + -4)/3?
3
Let z(u) be the third derivative of u**5/30 + u**3/6 - u**2. What is the units digit of z(2)?
9
Let r(o) = o**2 + o - 2. Let n be r(-3). Suppose -18 - 10 = -n*a. What is the units digit of a?
7
Suppose -15*z + 434 = 119. What is the units digit of z?
1
Let x be ((-6)/(-4))/((-2)/(-4)). Suppose p - 33 = 5*y, -2*y - p + 5 = -x*y. What is the units digit of 102/8 + y/(-28)?
3
Suppose 2*q - 18 = 4*s, 0*s = -4*q + 2*s + 24. Suppose -5*n + 5*w + 61 = -74, -q*n - w = -141. What is the tens digit of n?
2
Let q = -142 - -236. What is the units digit of q?
4
Let d = 114 + -67. What is the units digit of d?
7
Let z(m) = 37*m**3 - 5*m**2 + 3*m - 1. What is the tens digit of z(2)?
8
Suppose -i - 9*j = -6*j - 1, 0 = i + 4*j + 2. Suppose 3*r + 3 + 9 = 0, -r = 4*g - 24. Let f = i + g. What is the tens digit of f?
1
Let p(w) = -w**3 + 6*w**2 + 2. Let q be p(6). Suppose -2*j - q*j = -8, 5*j = -2*f + 54. What is the tens digit of f?
2
Let s(u) = u**2 - 11*u - 13. What is the units digit of s(19)?
9
Let i = 62 + -17. What is the tens digit of i?
4
Suppose 4*w = 7*w - 75. What is the tens digit of w?
2
Suppose 0 = -6*r + 5*r + 2*u + 124, -2*r + u = -263. What is the units digit of r?
4
Let n(l) = 5*l**3 + 3 - 3*l**3 - 3*l**2 - 3*l**3. Let c(t) = 4*t**3 + 2*t**2 + 2*t + 1. Let d be c(-1). What is the units digit of n(d)?
3
Suppose -3*g = -3*l - 6, -2*g - 5*l + 2 + 2 = 0. Suppose 0 = -g*k - k + f + 5, -f + 3 = k. Let i = 0 + k. What is the units digit of i?
2
What is the units digit of -4*20/(-32)*18?
5
Suppo